{"id":111,"date":"2025-07-17T08:54:22","date_gmt":"2025-07-17T06:54:22","guid":{"rendered":"http:\/\/192.168.178.168\/?page_id=111"},"modified":"2025-07-17T09:17:35","modified_gmt":"2025-07-17T07:17:35","slug":"impressum","status":"publish","type":"page","link":"https:\/\/lunasnowdrop.de\/index.php\/impressum\/","title":{"rendered":"Impressum"},"content":{"rendered":"\n<p>Angaben gem\u00e4\u00df \u00a7 5 TMG:<\/p>\n\n\n\n<p>Alina Gesting<br>Thomas-Mann-Stra\u00dfe. 17<br>44534 L\u00fcnen<br>Deutschland<\/p>\n\n\n\n<p>Telefon: <br>E-Mail: hello@lunasnowdrop.de<br>Website: www.lunasnowdrop.de<\/p>\n\n\n\n<p>Verantwortlich f\u00fcr den Inhalt nach \u00a7 55 Abs. 2 RStV:<br>Alina Gesting, Anschrift wie oben<\/p>\n","protected":false},"excerpt":{"rendered":"<p>Angaben gem\u00e4\u00df \u00a7 5 TMG: Alina GestingThomas-Mann-Stra\u00dfe. 1744534 L\u00fcnenDeutschland Telefon: E-Mail: hello@lunasnowdrop.deWebsite: www.lunasnowdrop.de Verantwortlich f\u00fcr den Inhalt nach \u00a7 55 Abs. 2 RStV:Alina Gesting, Anschrift wie oben<\/p>\n","protected":false},"author":1,"featured_media":0,"parent":0,"menu_order":0,"comment_status":"closed","ping_status":"closed","template":"","meta":{"footnotes":""},"class_list":["post-111","page","type-page","status-publish","hentry"],"_links":{"self":[{"href":"https:\/\/lunasnowdrop.de\/index.php\/wp-json\/wp\/v2\/pages\/111","targetHints":{"allow":["GET"]}}],"collection":[{"href":"https:\/\/lunasnowdrop.de\/index.php\/wp-json\/wp\/v2\/pages"}],"about":[{"href":"https:\/\/lunasnowdrop.de\/index.php\/wp-json\/wp\/v2\/types\/page"}],"author":[{"embeddable":true,"href":"https:\/\/lunasnowdrop.de\/index.php\/wp-json\/wp\/v2\/users\/1"}],"replies":[{"embeddable":true,"href":"https:\/\/lunasnowdrop.de\/index.php\/wp-json\/wp\/v2\/comments?post=111"}],"version-history":[{"count":3,"href":"https:\/\/lunasnowdrop.de\/index.php\/wp-json\/wp\/v2\/pages\/111\/revisions"}],"predecessor-version":[{"id":118,"href":"https:\/\/lunasnowdrop.de\/index.php\/wp-json\/wp\/v2\/pages\/111\/revisions\/118"}],"wp:attachment":[{"href":"https:\/\/lunasnowdrop.de\/index.php\/wp-json\/wp\/v2\/media?parent=111"}],"curies":[{"name":"wp","href":"https:\/\/api.w.org\/{rel}","templated":true}]}}