{"id":2,"date":"2025-06-14T07:16:41","date_gmt":"2025-06-14T05:16:41","guid":{"rendered":"http:\/\/192.168.178.168\/?page_id=2"},"modified":"2025-08-27T07:20:50","modified_gmt":"2025-08-27T05:20:50","slug":"beispiel-seite","status":"publish","type":"page","link":"https:\/\/lunasnowdrop.de\/index.php\/beispiel-seite\/","title":{"rendered":"Naturwissen &amp; Pflanzenmagie"},"content":{"rendered":"\n<div class=\"wp-block-group alignfull has-ti-bg-background-color has-background is-layout-constrained wp-container-core-group-is-layout-a1b05be2 wp-block-group-is-layout-constrained\" style=\"margin-top:0;margin-bottom:0;padding-top:var(--wp--preset--spacing--80);padding-right:var(--wp--preset--spacing--30);padding-bottom:var(--wp--preset--spacing--80);padding-left:var(--wp--preset--spacing--30)\">\n<div class=\"wp-block-group is-content-justification-center is-layout-constrained wp-container-core-group-is-layout-faf27204 wp-block-group-is-layout-constrained\">\n<hr class=\"wp-block-separator has-text-color has-black-color has-alpha-channel-opacity has-black-background-color has-background is-style-default\"\/>\n\n\n\n<div class=\"wp-block-group is-layout-constrained wp-block-group-is-layout-constrained\">\n<p class=\"has-text-align-center\">Hier findest du eine Auswahl meiner verwendeten Rohstoffe &#8211; liebevoll ausgew\u00e4hlt und naturbelassen. Jedes \u00d6l, jede Butter und jeder Duft tr\u00e4gt seine ganz eigene Wirkung in sich.<\/p>\n<\/div>\n<\/div>\n\n\n\n<div class=\"wp-block-group is-layout-constrained wp-block-group-is-layout-constrained\">\n<div class=\"wp-block-columns is-layout-flex wp-container-core-columns-is-layout-14cf5ab5 wp-block-columns-is-layout-flex\">\n<div class=\"wp-block-column is-layout-flow wp-block-column-is-layout-flow\">\n<div class=\"wp-block-group is-layout-constrained wp-container-core-group-is-layout-346627ba wp-block-group-is-layout-constrained\"><\/div>\n<\/div>\n\n\n\n<div class=\"wp-block-column is-vertically-aligned-center is-layout-flow wp-block-column-is-layout-flow\">\n<div class=\"wp-block-group is-layout-constrained wp-container-core-group-is-layout-346627ba wp-block-group-is-layout-constrained\">\n<h3 class=\"wp-block-heading has-text-align-left\">Seabutter<\/h3>\n\n\n\n<p class=\"has-text-align-left\">Seabutter ist eine nat\u00fcrliche Pflanzenbutter, die besonders reich an wertvollen Fetts\u00e4uren und Vitaminen ist. Sie pflegt die Haut intensiv, macht sie geschmeidig und unterst\u00fctzt die nat\u00fcrliche Feuchtigkeitsbalance. Aufgrund ihrer samtigen Textur zieht sie gut ein und hinterl\u00e4sst ein weiches Hautgef\u00fchl.<\/p>\n<\/div>\n<\/div>\n<\/div>\n\n\n\n<div class=\"wp-block-columns is-layout-flex wp-container-core-columns-is-layout-14cf5ab5 wp-block-columns-is-layout-flex\">\n<div class=\"wp-block-column is-vertically-aligned-center is-layout-flow wp-block-column-is-layout-flow\">\n<div class=\"wp-block-group is-layout-constrained wp-container-core-group-is-layout-346627ba wp-block-group-is-layout-constrained\">\n<h3 class=\"wp-block-heading has-text-align-left\">Jojoba\u00f6l<\/h3>\n\n\n\n<p class=\"has-text-align-left\">Jojoba\u00f6l ist ein mildes leichtes \u00d6l das der Haut hilft, ihr nat\u00fcrliches Gleichgewicht zu bewahren. Es zieht schnell ein, ohne zu fetten und hinterl\u00e4sst ein angenehmes samtiges Hautgef\u00fchl. Jojoba\u00f6l wird h\u00e4ufig f\u00fcr empfindliche und trockene Haut verwendet, da es die Haut sanft pflegt.<\/p>\n<\/div>\n<\/div>\n\n\n\n<div class=\"wp-block-column is-layout-flow wp-block-column-is-layout-flow\">\n<div class=\"wp-block-group is-layout-constrained wp-container-core-group-is-layout-346627ba wp-block-group-is-layout-constrained\"><\/div>\n<\/div>\n<\/div>\n\n\n\n<div class=\"wp-block-columns is-layout-flex wp-container-core-columns-is-layout-14cf5ab5 wp-block-columns-is-layout-flex\">\n<div class=\"wp-block-column is-layout-flow wp-block-column-is-layout-flow\">\n<div class=\"wp-block-group is-layout-constrained wp-container-core-group-is-layout-346627ba wp-block-group-is-layout-constrained\"><\/div>\n<\/div>\n\n\n\n<div class=\"wp-block-column is-vertically-aligned-center is-layout-flow wp-block-column-is-layout-flow\">\n<div class=\"wp-block-group is-layout-constrained wp-container-core-group-is-layout-346627ba wp-block-group-is-layout-constrained\">\n<h3 class=\"wp-block-heading has-text-align-left\">Mandel\u00f6l<\/h3>\n\n\n\n<p class=\"has-text-align-left\">Mandel\u00f6l wird wegen seine milden und hautberuhigenden Eigenschaften gesch\u00e4tzt. Es pflegt die Haut sanft, macht sie weich und geschmeidig und unterst\u00fctzt die Haut dabei sich nat\u00fcrlich zu regenerieren. Bei besonders trockener Haut kann Mandel\u00f6l f\u00fcr ein angenehmes Pflegegef\u00fchl sorgen.<\/p>\n<\/div>\n<\/div>\n<\/div>\n<\/div>\n\n\n\n<h2 class=\"wp-block-heading has-text-align-center\">\u00c4therische \u00d6le<\/h2>\n\n\n\n<hr class=\"wp-block-separator has-alpha-channel-opacity\"\/>\n\n\n\n<p>Meine \u00c4therischen \u00d6le bringen feine Duftimpulse und energetischen Qualit\u00e4ten in deine Alltagsrituale. Ob sinnlich, kl\u00e4rend oder erdend &#8211; jedes \u00d6l erz\u00e4hlt seine eigene Pflanz-Geschichte und schenkt deinem Moment eine besondere Tiefe.<\/p>\n<\/div>\n\n\n\n<div class=\"wp-block-group alignfull has-ti-bg-background-color has-background is-layout-constrained wp-container-core-group-is-layout-a1b05be2 wp-block-group-is-layout-constrained\" style=\"margin-top:0;margin-bottom:0;padding-top:var(--wp--preset--spacing--80);padding-right:var(--wp--preset--spacing--30);padding-bottom:var(--wp--preset--spacing--80);padding-left:var(--wp--preset--spacing--30)\">\n<div class=\"wp-block-group is-layout-constrained wp-block-group-is-layout-constrained\">\n<div class=\"wp-block-columns is-layout-flex wp-container-core-columns-is-layout-14cf5ab5 wp-block-columns-is-layout-flex\">\n<div class=\"wp-block-column is-layout-flow wp-block-column-is-layout-flow\">\n<div class=\"wp-block-group is-layout-constrained wp-container-core-group-is-layout-346627ba wp-block-group-is-layout-constrained\">\n<div class=\"wp-block-group is-layout-constrained wp-block-group-is-layout-constrained\">\n<h2 class=\"wp-block-heading has-large-font-size\">Rosenholz\u00f6l<\/h2>\n\n\n\n<p>Sanft wie ein warmer Windhauch legt dich Rosenholz um dein Herz. Es bringt Ruhe in aufgew\u00fchlte Gef\u00fchle, n\u00e4hrt dein inneres Gleichgewicht und l\u00e4sst dich weich und geborgen zur\u00fcckkehren zu dir selbst. Ein Duft wie eine Umarmung von innen.<\/p>\n<\/div>\n<\/div>\n<\/div>\n\n\n\n<div class=\"wp-block-column is-vertically-aligned-center is-layout-flow wp-block-column-is-layout-flow\"><\/div>\n<\/div>\n\n\n\n<div class=\"wp-block-columns is-layout-flex wp-container-core-columns-is-layout-14cf5ab5 wp-block-columns-is-layout-flex\">\n<div class=\"wp-block-column is-vertically-aligned-center is-layout-flow wp-block-column-is-layout-flow\"><\/div>\n\n\n\n<div class=\"wp-block-column is-layout-flow wp-block-column-is-layout-flow\">\n<div class=\"wp-block-group is-layout-constrained wp-container-core-group-is-layout-346627ba wp-block-group-is-layout-constrained\">\n<h2 class=\"wp-block-heading has-large-font-size\">Jasmin\u00f6l<\/h2>\n\n\n\n<p>Der bet\u00f6rende Duft des Jasmin \u00f6ffnet R\u00e4ume voller Sinnlichkeit und Tiefe. Er st\u00e4rt deine Ausstrahlung, weckt kreative Kr\u00e4fte und erinnert dich an deine eigene Sch\u00f6nheit. Jasmin begleitet dich wie ein zartes Fl\u00fcstern weiblicher Kraft.<\/p>\n<\/div>\n<\/div>\n<\/div>\n\n\n\n<div class=\"wp-block-columns is-layout-flex wp-container-core-columns-is-layout-14cf5ab5 wp-block-columns-is-layout-flex\">\n<div class=\"wp-block-column is-layout-flow wp-block-column-is-layout-flow\">\n<div class=\"wp-block-group is-layout-constrained wp-container-core-group-is-layout-346627ba wp-block-group-is-layout-constrained\">\n<h2 class=\"wp-block-heading has-large-font-size\">Lavendel\u00f6l<\/h2>\n\n\n\n<p>Lavendel h\u00fcllt dich in Klarheit und Stille. Sein Duft beruhigt den Geist, l\u00f6st innere Anspannung und bringt dich sanft zur\u00fcck in den Moment. Ideal f\u00fcr n\u00e4chtliche Rituale, in denen du losl\u00e4sst und dich hingibst.<\/p>\n<\/div>\n<\/div>\n\n\n\n<div class=\"wp-block-column is-vertically-aligned-center is-layout-flow wp-block-column-is-layout-flow\"><\/div>\n<\/div>\n<\/div>\n<\/div>\n\n\n\n<div class=\"wp-block-group alignfull has-ti-bg-background-color has-background is-layout-constrained wp-container-core-group-is-layout-a1b05be2 wp-block-group-is-layout-constrained\" style=\"margin-top:0;margin-bottom:0;padding-top:var(--wp--preset--spacing--80);padding-right:var(--wp--preset--spacing--30);padding-bottom:var(--wp--preset--spacing--80);padding-left:var(--wp--preset--spacing--30)\">\n<div class=\"wp-block-group is-layout-constrained wp-block-group-is-layout-constrained\">\n<div class=\"wp-block-columns is-layout-flex wp-container-core-columns-is-layout-14cf5ab5 wp-block-columns-is-layout-flex\">\n<div class=\"wp-block-column is-layout-flow wp-block-column-is-layout-flow\">\n<div class=\"wp-block-group is-layout-constrained wp-container-core-group-is-layout-346627ba wp-block-group-is-layout-constrained\"><\/div>\n<\/div>\n\n\n\n<div class=\"wp-block-column is-vertically-aligned-center is-layout-flow wp-block-column-is-layout-flow\">\n<div class=\"wp-block-group is-layout-constrained wp-container-core-group-is-layout-346627ba wp-block-group-is-layout-constrained\">\n<h3 class=\"wp-block-heading has-text-align-left\">Ylang Ylang \u00d6l<\/h3>\n\n\n\n<p class=\"has-text-align-left\">Ylang Ylang duftet s\u00fc\u00df, weich und voller Hingabe. Er \u00f6ffnet dein Herz, vertieft die Verbindung zu deinem K\u00f6rper und l\u00e4dt dich ein, dich sinnlich und liebevoll zu erleben. Ein \u00d6l f\u00fcr N\u00e4chte voller Magie und Morgende voller Vertraun.<\/p>\n<\/div>\n<\/div>\n<\/div>\n\n\n\n<div class=\"wp-block-columns is-layout-flex wp-container-core-columns-is-layout-14cf5ab5 wp-block-columns-is-layout-flex\">\n<div class=\"wp-block-column is-vertically-aligned-center is-layout-flow wp-block-column-is-layout-flow\">\n<div class=\"wp-block-group is-layout-constrained wp-container-core-group-is-layout-346627ba wp-block-group-is-layout-constrained\">\n<h3 class=\"wp-block-heading has-text-align-left\">Vetiver\u00f6l<\/h3>\n\n\n\n<p class=\"has-text-align-left\">Tief und erdig wie Wurzeln im feuchten Boden: Vetiver bringt dich zur\u00fcck in deinen K\u00f6rper. Es verankert, beruhigt das Nervensystem und hilft dir, dich im Trubel des Alltags zu sammeln. Ein stiller Begleiter, der dich tr\u00e4gt.<\/p>\n<\/div>\n<\/div>\n\n\n\n<div class=\"wp-block-column is-layout-flow wp-block-column-is-layout-flow\">\n<div class=\"wp-block-group is-layout-constrained wp-container-core-group-is-layout-346627ba wp-block-group-is-layout-constrained\"><\/div>\n<\/div>\n<\/div>\n\n\n\n<div class=\"wp-block-columns is-layout-flex wp-container-core-columns-is-layout-14cf5ab5 wp-block-columns-is-layout-flex\">\n<div class=\"wp-block-column is-layout-flow wp-block-column-is-layout-flow\">\n<div class=\"wp-block-group is-layout-constrained wp-container-core-group-is-layout-346627ba wp-block-group-is-layout-constrained\"><\/div>\n<\/div>\n\n\n\n<div class=\"wp-block-column is-vertically-aligned-center is-layout-flow wp-block-column-is-layout-flow\">\n<div class=\"wp-block-group is-layout-constrained wp-container-core-group-is-layout-346627ba wp-block-group-is-layout-constrained\">\n<h3 class=\"wp-block-heading has-text-align-left\">Patchouli\u00f6l<\/h3>\n\n\n\n<p class=\"has-text-align-left\">Patchouli ruft nach Tiefe, Pr\u00e4senz und K\u00f6rperlichkeit. Es erdet, w\u00e4rmt und l\u00e4dt dich ein dich selbst wieder zu sp\u00fcren &#8211; mit all deiner Lebensigkeit. Ein Duft f\u00fcr langsame Rituale, die dich n\u00e4hren und in deine Kraft f\u00fchren.<\/p>\n<\/div>\n<\/div>\n<\/div>\n<\/div>\n<\/div>\n\n\n\n<div class=\"wp-block-group alignfull has-ti-bg-background-color has-background is-layout-constrained wp-container-core-group-is-layout-a1b05be2 wp-block-group-is-layout-constrained\" style=\"margin-top:0;margin-bottom:0;padding-top:var(--wp--preset--spacing--80);padding-right:var(--wp--preset--spacing--30);padding-bottom:var(--wp--preset--spacing--80);padding-left:var(--wp--preset--spacing--30)\">\n<div class=\"wp-block-group is-layout-constrained wp-block-group-is-layout-constrained\">\n<div class=\"wp-block-columns is-layout-flex wp-container-core-columns-is-layout-14cf5ab5 wp-block-columns-is-layout-flex\">\n<div class=\"wp-block-column is-layout-flow wp-block-column-is-layout-flow\">\n<div class=\"wp-block-group is-layout-constrained wp-container-core-group-is-layout-346627ba wp-block-group-is-layout-constrained\">\n<h2 class=\"wp-block-heading has-large-font-size\">Zedernholz\u00f6l<\/h2>\n\n\n\n<p>Wie ein alter Baum fl\u00fcstert Zedernholz von innerer St\u00e4rke und Stille. Es bringt dir Halt, kl\u00e4rt deine Gedanken und sch\u00fctzt deine Energie. Ein w\u00fcrziger Duft f\u00fcr Zeiten, in denen du dich zentrieren und ausrichten m\u00f6chtest.<\/p>\n<\/div>\n<\/div>\n\n\n\n<div class=\"wp-block-column is-vertically-aligned-center is-layout-flow wp-block-column-is-layout-flow\"><\/div>\n<\/div>\n\n\n\n<div class=\"wp-block-columns is-layout-flex wp-container-core-columns-is-layout-14cf5ab5 wp-block-columns-is-layout-flex\">\n<div class=\"wp-block-column is-vertically-aligned-center is-layout-flow wp-block-column-is-layout-flow\"><\/div>\n\n\n\n<div class=\"wp-block-column is-layout-flow wp-block-column-is-layout-flow\">\n<div class=\"wp-block-group is-layout-constrained wp-container-core-group-is-layout-346627ba wp-block-group-is-layout-constrained\">\n<h2 class=\"wp-block-heading has-large-font-size\">Bergamotte\u00f6l<\/h2>\n\n\n\n<p>Bergamotte strahlt wie Morgensonne nach einem Regen. Sie hellt deine Stimmung auf, bringt Frische ins Denken und Leichtigkeit ins Herz. Perfekt, um neue Wege zu begr\u00fc\u00dfen oder den Tag achtsam zu beginnen.<\/p>\n<\/div>\n<\/div>\n<\/div>\n\n\n\n<div class=\"wp-block-columns is-layout-flex wp-container-core-columns-is-layout-14cf5ab5 wp-block-columns-is-layout-flex\">\n<div class=\"wp-block-column is-layout-flow wp-block-column-is-layout-flow\">\n<div class=\"wp-block-group is-layout-constrained wp-container-core-group-is-layout-346627ba wp-block-group-is-layout-constrained\">\n<h2 class=\"wp-block-heading has-large-font-size\">Latschenkiefer\u00f6l<\/h2>\n\n\n\n<p>Latschenkiefer weckt Klarheit und Weite &#8211; wie ein Spaziergang durch k\u00fchle, reine Bergluft. Ihr Duft st\u00e4rkt deinen Atemraum und l\u00f6st, was zu eng geworden ist. Ein \u00d6l f\u00fcr \u00dcberg\u00e4nge, Wandel und Neubeginn.<\/p>\n<\/div>\n<\/div>\n\n\n\n<div class=\"wp-block-column is-vertically-aligned-center is-layout-flow wp-block-column-is-layout-flow\"><\/div>\n<\/div>\n<\/div>\n<\/div>\n\n\n\n<div class=\"wp-block-group alignfull has-ti-bg-background-color has-background is-layout-constrained wp-container-core-group-is-layout-a1b05be2 wp-block-group-is-layout-constrained\" style=\"margin-top:0;margin-bottom:0;padding-top:var(--wp--preset--spacing--80);padding-right:var(--wp--preset--spacing--30);padding-bottom:var(--wp--preset--spacing--80);padding-left:var(--wp--preset--spacing--30)\">\n<div class=\"wp-block-group is-layout-constrained wp-block-group-is-layout-constrained\">\n<div class=\"wp-block-columns is-layout-flex wp-container-core-columns-is-layout-14cf5ab5 wp-block-columns-is-layout-flex\">\n<div class=\"wp-block-column is-layout-flow wp-block-column-is-layout-flow\">\n<div class=\"wp-block-group is-layout-constrained wp-container-core-group-is-layout-346627ba wp-block-group-is-layout-constrained\"><\/div>\n<\/div>\n\n\n\n<div class=\"wp-block-column is-vertically-aligned-center is-layout-flow wp-block-column-is-layout-flow\">\n<div class=\"wp-block-group is-layout-constrained wp-container-core-group-is-layout-346627ba wp-block-group-is-layout-constrained\">\n<h3 class=\"wp-block-heading has-text-align-left\">Pfefferminz\u00f6l<\/h3>\n\n\n\n<p class=\"has-text-align-left\">Pfefferminz\u00f6l ist k\u00fchl, klar und direkt &#8211; wie ein frischer Windsto\u00df auf m\u00fcden Gedanken. Sie schenkt Wachheit, belebt den Geist und bringt Fokus zur\u00fcck, wenn du dich Zerstreut f\u00fchlst. Ein kraftvoller Impuls f\u00fcr neue Klarheit<\/p>\n<\/div>\n<\/div>\n<\/div>\n<\/div>\n<\/div>\n","protected":false},"excerpt":{"rendered":"<p>Hier findest du eine Auswahl meiner verwendeten Rohstoffe &#8211; liebevoll ausgew\u00e4hlt und naturbelassen. Jedes \u00d6l, jede Butter und jeder Duft tr\u00e4gt seine ganz eigene Wirkung in sich. Seabutter Seabutter ist eine nat\u00fcrliche Pflanzenbutter, die besonders reich an wertvollen Fetts\u00e4uren und Vitaminen ist. Sie pflegt die Haut intensiv, macht sie geschmeidig und unterst\u00fctzt die nat\u00fcrliche Feuchtigkeitsbalance. [&hellip;]<\/p>\n","protected":false},"author":1,"featured_media":0,"parent":0,"menu_order":0,"comment_status":"closed","ping_status":"open","template":"","meta":{"footnotes":""},"class_list":["post-2","page","type-page","status-publish","hentry"],"_links":{"self":[{"href":"https:\/\/lunasnowdrop.de\/index.php\/wp-json\/wp\/v2\/pages\/2","targetHints":{"allow":["GET"]}}],"collection":[{"href":"https:\/\/lunasnowdrop.de\/index.php\/wp-json\/wp\/v2\/pages"}],"about":[{"href":"https:\/\/lunasnowdrop.de\/index.php\/wp-json\/wp\/v2\/types\/page"}],"author":[{"embeddable":true,"href":"https:\/\/lunasnowdrop.de\/index.php\/wp-json\/wp\/v2\/users\/1"}],"replies":[{"embeddable":true,"href":"https:\/\/lunasnowdrop.de\/index.php\/wp-json\/wp\/v2\/comments?post=2"}],"version-history":[{"count":3,"href":"https:\/\/lunasnowdrop.de\/index.php\/wp-json\/wp\/v2\/pages\/2\/revisions"}],"predecessor-version":[{"id":185,"href":"https:\/\/lunasnowdrop.de\/index.php\/wp-json\/wp\/v2\/pages\/2\/revisions\/185"}],"wp:attachment":[{"href":"https:\/\/lunasnowdrop.de\/index.php\/wp-json\/wp\/v2\/media?parent=2"}],"curies":[{"name":"wp","href":"https:\/\/api.w.org\/{rel}","templated":true}]}}